{"id":1211,"date":"2025-12-20T17:11:25","date_gmt":"2025-12-20T16:11:25","guid":{"rendered":"https:\/\/www.thomasheimann.ch\/?page_id=1211"},"modified":"2025-12-21T15:23:19","modified_gmt":"2025-12-21T14:23:19","slug":"architektur-oeffentlicher-raum","status":"publish","type":"page","link":"https:\/\/www.thomasheimann.ch\/en\/sample-page\/ausstellungen-ausstellungsbeteiligungen-2\/architektur-oeffentlicher-raum\/","title":{"rendered":"Architektur &amp; \u00f6ffentlicher Raum"},"content":{"rendered":"<div data-elementor-type=\"wp-page\" data-elementor-id=\"1211\" class=\"elementor elementor-1211\">\n\t\t\t\t\t\t<section class=\"elementor-section elementor-top-section elementor-element elementor-element-704ff87 elementor-section-height-min-height elementor-section-boxed elementor-section-height-default elementor-section-items-middle\" data-id=\"704ff87\" data-element_type=\"section\" data-e-type=\"section\">\n\t\t\t\t\t\t<div class=\"elementor-container elementor-column-gap-default\">\n\t\t\t\t\t<div class=\"elementor-column elementor-col-100 elementor-top-column elementor-element elementor-element-4bf24d7\" data-id=\"4bf24d7\" data-element_type=\"column\" data-e-type=\"column\">\n\t\t\t<div class=\"elementor-widget-wrap elementor-element-populated\">\n\t\t\t\t\t\t<div class=\"elementor-element elementor-element-9c3aa04 elementor-widget elementor-widget-menu-anchor\" data-id=\"9c3aa04\" data-element_type=\"widget\" data-e-type=\"widget\" data-widget_type=\"menu-anchor.default\">\n\t\t\t\t<div class=\"elementor-widget-container\">\n\t\t\t\t\t\t\t<div class=\"elementor-menu-anchor\" id=\"V3-Arch\"><\/div>\n\t\t\t\t\t\t<\/div>\n\t\t\t\t<\/div>\n\t\t\t\t\t<\/div>\n\t\t<\/div>\n\t\t\t\t\t<\/div>\n\t\t<\/section>\n\t\t\t\t<section class=\"elementor-section elementor-top-section elementor-element elementor-element-2a4b60c elementor-section-boxed elementor-section-height-default elementor-section-height-default\" data-id=\"2a4b60c\" data-element_type=\"section\" data-e-type=\"section\">\n\t\t\t\t\t\t<div class=\"elementor-container elementor-column-gap-default\">\n\t\t\t\t\t<div class=\"elementor-column elementor-col-100 elementor-top-column elementor-element elementor-element-c96c97a\" data-id=\"c96c97a\" data-element_type=\"column\" data-e-type=\"column\">\n\t\t\t<div class=\"elementor-widget-wrap elementor-element-populated\">\n\t\t\t\t\t\t<div class=\"elementor-element elementor-element-3ddd7f4 elementor-widget elementor-widget-text-editor\" data-id=\"3ddd7f4\" data-element_type=\"widget\" data-e-type=\"widget\" data-widget_type=\"text-editor.default\">\n\t\t\t\t<div class=\"elementor-widget-container\">\n\t\t\t\t\t\t\t\t\t<p>\u00a0<\/p><ul><li>2016 Ein Haus f\u00fcr Alle (light installation) @Kaserne, Basel<\/li><li>2013 Streichquartett (art in architecture competition) @Krematorium H\u00f6rnli, Basel<\/li><li>2009 Seeland IV (Installation) @Kiosk Feldbergstrasse, Basel<\/li><li>2008-09 Color concept expansion &amp; renovation Jugenheim, Pr\u00eales<\/li><li>2008 Color concept Foyer Ausstellungsraum Klingental, Basel<\/li><li>2007 Farbl\u00fccken (art in architecture competition) @Korridor Untersuchungsgef\u00e4ngnis Waaghof, Basel<\/li><li>2006 Kompost (art in architecture competition) @Staatsarchiv, Basel<\/li><li>2005 Augenlicht (art in architecture competition) @Schwimmhalle St. Albanschule, Basel<\/li><li>2002 Lichter Ocker (art in architecture proposal) @Klybeckapotheke, Basel<\/li><li>\u2026<\/li><\/ul>\t\t\t\t\t\t\t\t<\/div>\n\t\t\t\t<\/div>\n\t\t\t\t\t<\/div>\n\t\t<\/div>\n\t\t\t\t\t<\/div>\n\t\t<\/section>\n\t\t\t\t<section class=\"elementor-section elementor-top-section elementor-element elementor-element-e193034 elementor-section-boxed elementor-section-height-default elementor-section-height-default\" data-id=\"e193034\" data-element_type=\"section\" data-e-type=\"section\">\n\t\t\t\t\t\t<div class=\"elementor-container elementor-column-gap-default\">\n\t\t\t\t\t<div class=\"elementor-column elementor-col-100 elementor-top-column elementor-element elementor-element-76b6c34\" data-id=\"76b6c34\" data-element_type=\"column\" data-e-type=\"column\">\n\t\t\t<div class=\"elementor-widget-wrap elementor-element-populated\">\n\t\t\t\t\t\t<div class=\"elementor-element elementor-element-022b7c7 elementor-widget elementor-widget-image\" data-id=\"022b7c7\" data-element_type=\"widget\" data-e-type=\"widget\" data-widget_type=\"image.default\">\n\t\t\t\t<div class=\"elementor-widget-container\">\n\t\t\t\t\t\t\t\t\t\t\t\t\t\t\t<img decoding=\"async\" width=\"950\" height=\"19\" src=\"https:\/\/www.thomasheimann.ch\/wp-content\/uploads\/2025\/12\/Palette-Ausschnitt_web.png\" class=\"attachment-large size-large wp-image-1247\" alt=\"Palette Trenner\" srcset=\"https:\/\/www.thomasheimann.ch\/wp-content\/uploads\/2025\/12\/Palette-Ausschnitt_web.png 1077w, https:\/\/www.thomasheimann.ch\/wp-content\/uploads\/2025\/12\/Palette-Ausschnitt_web-300x6.png 300w, https:\/\/www.thomasheimann.ch\/wp-content\/uploads\/2025\/12\/Palette-Ausschnitt_web-150x3.png 150w, https:\/\/www.thomasheimann.ch\/wp-content\/uploads\/2025\/12\/Palette-Ausschnitt_web-18x1.png 18w, https:\/\/www.thomasheimann.ch\/wp-content\/uploads\/2025\/12\/Palette-Ausschnitt_web-600x12.png 600w\" sizes=\"100vw\" \/>\t\t\t\t\t\t\t\t\t\t\t\t\t\t\t<\/div>\n\t\t\t\t<\/div>\n\t\t\t\t\t<\/div>\n\t\t<\/div>\n\t\t\t\t\t<\/div>\n\t\t<\/section>\n\t\t\t\t<\/div>","protected":false},"excerpt":{"rendered":"<p>\u00a0 2016 Ein Haus f\u00fcr Alle (Lichtinstallation) @Kaserne, Basel 2013 Streichquartett (Kunst am Bau Wettbewerb) @Krematorium H\u00f6rnli, Basel 2009 Seeland IV Installation @Kiosk Feldbergstrasse, Basel 2008-09 Farbkonzept Erweiterung &amp; Sanierung Jugenheim, Pr\u00eales 2008 Farbkonzept Foyer Ausstellungsraum Klingental, Basel 2007 Farbl\u00fccken (Kunst am Bau Wettbewerb) @Korridor Untersuchungsgef\u00e4ngnis Waaghof, Basel 2006 Kompost (Kunst am Bau Wettbewerb) @Staatsarchiv, &hellip; <\/p>\n<p class=\"link-more\"><a href=\"https:\/\/www.thomasheimann.ch\/en\/sample-page\/ausstellungen-ausstellungsbeteiligungen-2\/architektur-oeffentlicher-raum\/\" class=\"more-link\">Read more<span class=\"screen-reader-text\"> &#8220;Architektur &amp; \u00f6ffentlicher Raum&#8221;<\/span><\/a><\/p>","protected":false},"author":1,"featured_media":241,"parent":1214,"menu_order":3,"comment_status":"closed","ping_status":"closed","template":"","meta":{"inspiro_hide_title":false,"footnotes":""},"class_list":["post-1211","page","type-page","status-publish","has-post-thumbnail","hentry"],"featured_media_urls":{"thumbnail":["https:\/\/www.thomasheimann.ch\/wp-content\/uploads\/2022\/08\/Palette-halb-hell20220827-e1663588269504-150x150.jpg",150,150,true],"medium":["https:\/\/www.thomasheimann.ch\/wp-content\/uploads\/2022\/08\/Palette-halb-hell20220827-e1663588269504-300x63.jpg",300,63,true],"medium_large":["https:\/\/www.thomasheimann.ch\/wp-content\/uploads\/2022\/08\/Palette-halb-hell20220827-e1663588269504-768x163.jpg",768,163,true],"large":["https:\/\/www.thomasheimann.ch\/wp-content\/uploads\/2022\/08\/Palette-halb-hell20220827-e1663588269504-1024x217.jpg",950,201,true],"1536x1536":["https:\/\/www.thomasheimann.ch\/wp-content\/uploads\/2022\/08\/Palette-halb-hell20220827-e1663588269504.jpg",1134,240,false],"2048x2048":["https:\/\/www.thomasheimann.ch\/wp-content\/uploads\/2022\/08\/Palette-halb-hell20220827-e1663588269504.jpg",1134,240,false],"trp-custom-language-flag":["https:\/\/www.thomasheimann.ch\/wp-content\/uploads\/2022\/08\/Palette-halb-hell20220827-e1663588269504-18x4.jpg",18,4,true],"inspiro-featured-image":["https:\/\/www.thomasheimann.ch\/wp-content\/uploads\/2022\/08\/Palette-halb-hell20220827-e1663588269504.jpg",1134,240,false],"inspiro-loop":["https:\/\/www.thomasheimann.ch\/wp-content\/uploads\/2022\/08\/Palette-halb-hell20220827-e1663588269504-950x240.jpg",950,240,true],"inspiro-loop@2x":["https:\/\/www.thomasheimann.ch\/wp-content\/uploads\/2022\/08\/Palette-halb-hell20220827-e1663588269504.jpg",1134,240,false],"portfolio_item-thumbnail":["https:\/\/www.thomasheimann.ch\/wp-content\/uploads\/2022\/08\/Palette-halb-hell20220827-e1663588269504-600x240.jpg",600,240,true],"portfolio_item-thumbnail@2x":["https:\/\/www.thomasheimann.ch\/wp-content\/uploads\/2022\/08\/Palette-halb-hell20220827-e1663588269504.jpg",1134,240,false],"portfolio_item-masonry":["https:\/\/www.thomasheimann.ch\/wp-content\/uploads\/2022\/08\/Palette-halb-hell20220827-e1663588269504-600x127.jpg",600,127,true],"portfolio_item-masonry@2x":["https:\/\/www.thomasheimann.ch\/wp-content\/uploads\/2022\/08\/Palette-halb-hell20220827-e1663588269504.jpg",1134,240,false],"portfolio_item-thumbnail_cinema":["https:\/\/www.thomasheimann.ch\/wp-content\/uploads\/2022\/08\/Palette-halb-hell20220827-e1663588269504-800x240.jpg",800,240,true],"portfolio_item-thumbnail_portrait":["https:\/\/www.thomasheimann.ch\/wp-content\/uploads\/2022\/08\/Palette-halb-hell20220827-e1663588269504-600x240.jpg",600,240,true],"portfolio_item-thumbnail_portrait@2x":["https:\/\/www.thomasheimann.ch\/wp-content\/uploads\/2022\/08\/Palette-halb-hell20220827-e1663588269504.jpg",1134,240,false],"portfolio_item-thumbnail_square":["https:\/\/www.thomasheimann.ch\/wp-content\/uploads\/2022\/08\/Palette-halb-hell20220827-e1663588269504-800x240.jpg",800,240,true]},"_links":{"self":[{"href":"https:\/\/www.thomasheimann.ch\/en\/wp-json\/wp\/v2\/pages\/1211","targetHints":{"allow":["GET"]}}],"collection":[{"href":"https:\/\/www.thomasheimann.ch\/en\/wp-json\/wp\/v2\/pages"}],"about":[{"href":"https:\/\/www.thomasheimann.ch\/en\/wp-json\/wp\/v2\/types\/page"}],"author":[{"embeddable":true,"href":"https:\/\/www.thomasheimann.ch\/en\/wp-json\/wp\/v2\/users\/1"}],"replies":[{"embeddable":true,"href":"https:\/\/www.thomasheimann.ch\/en\/wp-json\/wp\/v2\/comments?post=1211"}],"version-history":[{"count":10,"href":"https:\/\/www.thomasheimann.ch\/en\/wp-json\/wp\/v2\/pages\/1211\/revisions"}],"predecessor-version":[{"id":1266,"href":"https:\/\/www.thomasheimann.ch\/en\/wp-json\/wp\/v2\/pages\/1211\/revisions\/1266"}],"up":[{"embeddable":true,"href":"https:\/\/www.thomasheimann.ch\/en\/wp-json\/wp\/v2\/pages\/1214"}],"wp:featuredmedia":[{"embeddable":true,"href":"https:\/\/www.thomasheimann.ch\/en\/wp-json\/wp\/v2\/media\/241"}],"wp:attachment":[{"href":"https:\/\/www.thomasheimann.ch\/en\/wp-json\/wp\/v2\/media?parent=1211"}],"curies":[{"name":"wp","href":"https:\/\/api.w.org\/{rel}","templated":true}]}}

Architektur &amp; öffentlicher Raum

<div data-elementor-type="wp-page" data-elementor-id="1211" class="elementor elementor-1211">
						<section class="elementor-section elementor-top-section elementor-element elementor-element-704ff87 elementor-section-height-min-height elementor-section-boxed elementor-section-height-default elementor-section-items-middle" data-id="704ff87" data-element_type="section" data-e-type="section">
						<div class="elementor-container elementor-column-gap-default">
					<div class="elementor-column elementor-col-100 elementor-top-column elementor-element elementor-element-4bf24d7" data-id="4bf24d7" data-element_type="column" data-e-type="column">
			<div class="elementor-widget-wrap elementor-element-populated">
						<div class="elementor-element elementor-element-9c3aa04 elementor-widget elementor-widget-menu-anchor" data-id="9c3aa04" data-element_type="widget" data-e-type="widget" data-widget_type="menu-anchor.default">
				<div class="elementor-widget-container">
							<div class="elementor-menu-anchor" id="V3-Arch"></div>
						</div>
				</div>
					</div>
		</div>
					</div>
		</section>
				<section class="elementor-section elementor-top-section elementor-element elementor-element-2a4b60c elementor-section-boxed elementor-section-height-default elementor-section-height-default" data-id="2a4b60c" data-element_type="section" data-e-type="section">
						<div class="elementor-container elementor-column-gap-default">
					<div class="elementor-column elementor-col-100 elementor-top-column elementor-element elementor-element-c96c97a" data-id="c96c97a" data-element_type="column" data-e-type="column">
			<div class="elementor-widget-wrap elementor-element-populated">
						<div class="elementor-element elementor-element-3ddd7f4 elementor-widget elementor-widget-text-editor" data-id="3ddd7f4" data-element_type="widget" data-e-type="widget" data-widget_type="text-editor.default">
				<div class="elementor-widget-container">
									<p> </p><ul><li>2016 Ein Haus für Alle (light installation) @Kaserne, Basel</li><li>2013 Streichquartett (art in architecture competition) @Krematorium Hörnli, Basel</li><li>2009 Seeland IV (Installation) @Kiosk Feldbergstrasse, Basel</li><li>2008-09 Color concept expansion &amp; renovation Jugenheim, Prêles</li><li>2008 Color concept Foyer Ausstellungsraum Klingental, Basel</li><li>2007 Farblücken (art in architecture competition) @Korridor Untersuchungsgefängnis Waaghof, Basel</li><li>2006 Kompost (art in architecture competition) @Staatsarchiv, Basel</li><li>2005 Augenlicht (art in architecture competition) @Schwimmhalle St. Albanschule, Basel</li><li>2002 Lichter Ocker (art in architecture proposal) @Klybeckapotheke, Basel</li><li>…</li></ul>								</div>
				</div>
					</div>
		</div>
					</div>
		</section>
				<section class="elementor-section elementor-top-section elementor-element elementor-element-e193034 elementor-section-boxed elementor-section-height-default elementor-section-height-default" data-id="e193034" data-element_type="section" data-e-type="section">
						<div class="elementor-container elementor-column-gap-default">
					<div class="elementor-column elementor-col-100 elementor-top-column elementor-element elementor-element-76b6c34" data-id="76b6c34" data-element_type="column" data-e-type="column">
			<div class="elementor-widget-wrap elementor-element-populated">
						<div class="elementor-element elementor-element-022b7c7 elementor-widget elementor-widget-image" data-id="022b7c7" data-element_type="widget" data-e-type="widget" data-widget_type="image.default">
				<div class="elementor-widget-container">
															<img decoding="async" width="950" height="19" src="https://www.thomasheimann.ch/wp-content/uploads/2025/12/Palette-Ausschnitt_web.png" class="attachment-large size-large wp-image-1247" alt="Palette Trenner" srcset="https://www.thomasheimann.ch/wp-content/uploads/2025/12/Palette-Ausschnitt_web.png 1077w, https://www.thomasheimann.ch/wp-content/uploads/2025/12/Palette-Ausschnitt_web-300x6.png 300w, https://www.thomasheimann.ch/wp-content/uploads/2025/12/Palette-Ausschnitt_web-150x3.png 150w, https://www.thomasheimann.ch/wp-content/uploads/2025/12/Palette-Ausschnitt_web-18x1.png 18w, https://www.thomasheimann.ch/wp-content/uploads/2025/12/Palette-Ausschnitt_web-600x12.png 600w" sizes="100vw" />															</div>
				</div>
					</div>
		</div>
					</div>
		</section>
				</div>

<p>  2016 Ein Haus für Alle (Lichtinstallation) @Kaserne, Basel 2013 Streichquartett (Kunst am Bau Wettbewerb) @Krematorium Hörnli, Basel 2009 Seeland IV Installation @Kiosk Feldbergstrasse, Basel 2008-09 Farbkonzept Erweiterung &amp; Sanierung Jugenheim, Prêles 2008 Farbkonzept Foyer Ausstellungsraum Klingental, Basel 2007 Farblücken (Kunst am Bau Wettbewerb) @Korridor Untersuchungsgefängnis Waaghof, Basel 2006 Kompost (Kunst am Bau Wettbewerb) @Staatsarchiv, &hellip; </p>
<p class="link-more"><a href="https://www.thomasheimann.ch/en/sample-page/ausstellungen-ausstellungsbeteiligungen-2/architektur-oeffentlicher-raum/" class="more-link">Read more<span class="screen-reader-text"> &#8220;Architektur &amp; öffentlicher Raum&#8221;</span></a></p>
